= 4*a + 33. Let l(x) = -3*i(x) - 7*t(x). Let w be l(0). What are the prime factors of (-18)/w + (-87)/(-5)?
2, 3
Let u be ((-1)/10 + (-10)/25)*-74. Let f = 57 - u. List the prime factors of f.
2, 5
Suppose 128 + 4 = 3*c. Let g be (c/(-6))/(10/(-15)). What are the prime factors of g + 5 + 3*-1?
13
Let j(b) be the first derivative of 23*b**3 - 3*b**2/2 + b - 2. What are the prime factors of j(1)?
67
Let f(x) = 9*x**2 - 13*x - 28. What are the prime factors of f(-4)?
2, 3, 7
What are the prime factors of (5 + -1)/(-2) - -18?
2
Suppose 5*b - 18 = -2*m, b + 14 = 4*b - 2*m. List the prime factors of (6/b - 2)*-82.
41
Let p be (-66)/44 + (-26)/4. Let a(b) = -6*b + 52. What are the prime factors of a(p)?
2, 5
Let b be ((-1348)/(-10))/(-2*2/(-20)). Let h = b - 395. List the prime factors of h.
3, 31
Let c be 5*(2/2 + -5). Let l be -23 - (2 + -1 + 1). List the prime factors of (16/c)/(2/l).
2, 5
Let s = 3445 + -266. List the prime factors of s.
11, 17
Let z(a) = 8*a**3 - 2*a**2 + a - 1. Let c be z(2). What are the prime factors of c/(2*4*(-1)/(-8))?
3, 19
Let t(x) = x**3 + 9*x**2 - 10*x + 2. Let r be t(-10). Suppose -2*z + 164 = r. List the prime factors of z.
3
Let m be 10*((-3)/3 - (-3)/2). Suppose m*h - 475 - 120 = 0. What are the prime factors of h?
7, 17
List the prime factors of 1995/6*(-352)/(-220).
2, 7, 19
Suppose 2*o = 5*h + 920, 5 + 1 = 3*h. What are the prime factors of o?
3, 5, 31
Let j be (3 - 9) + 3 - -4. List the prime factors of -10*((-1008)/30 + j).
2, 163
List the prime factors of 11 - 8 - 3 - -3402.
2, 3, 7
Suppose -185 = -2*k - 3*k. Suppose 0 = -6*z + k + 29. List the prime factors of z.
11
Let b = 61 - 148. Let x = -73 - b. What are the prime factors of x?
2, 7
Let p(q) = 159*q**3 - q**2 + 2*q - 1. Let a be p(1). Suppose 2*z - 82 = 2*i, -3*z + a = z + i. List the prime factors of z.
2, 5
Suppose -2*w - d = -4262, -3*d = -5*w - 0*d + 10644. List the prime factors of w.
2, 3, 5, 71
Suppose -12 = z - 5*z. Suppose -173 = -z*g + 2*b, 3*g - 3*b - 88 - 83 = 0. Suppose -3*w = -2*w - g. What are the prime factors of w?
59
Let a(y) = y**3 - y**2 - 5*y - 50. List the prime factors of a(11).
5, 13, 17
Suppose -3*r = -181 + 37. Let u = r - -39. List the prime factors of u.
3, 29
Suppose -4*j + 1680 = a, 2099 = 5*j - a + 2*a. List the prime factors of j.
419
Let i(r) = r**3 + r**2 + 3*r + 702. List the prime factors of i(0).
2, 3, 13
Let c = -197 - -661. What are the prime factors of c?
2, 29
Suppose 55 = -3*u + 5*w, -2*w + 4*w = 3*u + 40. Suppose -5*g = 2*y + 95, -y - 3*g = -4*y - 174. Let d = u - y. What are the prime factors of d?
3, 5
Let h be (2 - 0 - 2)/((-5)/(-5)). Suppose 2*t - f = -h*f + 204, 4*t - 396 = -f. List the prime factors of t.
2, 5
Suppose 0 = -9*l + 5*l. Suppose l = 7*r - 8*r - 4. List the prime factors of 1/(r/(-132)*1).
3, 11
Suppose 0 = 4*s - 12 - 8. Suppose s*x - r - 3*r - 215 = 0, 0 = 2*r + 10. What are the prime factors of x?
3, 13
Let w(d) = 4*d**2 + 12*d + 29. What are the prime factors of w(-12)?
461
List the prime factors of (-44)/(-7)*(-6090)/(-60).
2, 11, 29
Let c = 6 - 3. Let t be c + (3 - (4 - 0)). Let s(v) = 3*v - 2. What are the prime factors of s(t)?
2
Let b = 22 + -29. Let a(o) be the first derivative of -o**4/4 - 2*o**3 + 5*o**2/2 + 5*o - 1. What are the prime factors of a(b)?
19
Suppose 2*s - 15 - 19 = -u, -3*s - 5*u = -44. Suppose s*d - 21*d + 27 = 0. What are the prime factors of d?
3
Let k(d) be the second derivative of d**4/3 - 2*d**3/3 + 3*d**2/2 - 10*d. Suppose -4*t = t - 20. List the prime factors of k(t).
3, 17
What are the prime factors of -1*464/40*-405?
2, 3, 29
Let a(b) = b**2 - 10*b - 10. Let x(l) = 2*l**2 - 20*l - 21. Let r(k) = -13*a(k) + 6*x(k). List the prime factors of r(5).
29
Let d = 2992 - 1298. List the prime factors of d.
2, 7, 11
Let k = 1506 + 520. What are the prime factors of k?
2, 1013
Suppose 751 = o - 3*p, -3*o + p + 2273 = -4*p. List the prime factors of o.
2, 383
Let m = -29 - -50. Let j = 79 - 90. Let d = m + j. What are the prime factors of d?
2, 5
Let d = 8181 + -4595. List the prime factors of d.
2, 11, 163
Suppose 4*j = -2*z + 2000, 12*z + j - 5000 = 7*z. List the prime factors of z.
2, 5
Let t(z) = 15*z + 9. Let l be 0 - ((-4 - -8) + -8). What are the prime factors of t(l)?
3, 23
List the prime factors of 8 + (5 - (-8 - 479)).
2, 5
Let p(r) = -r**2 - 13*r + 5. Let v be p(-13). Let x(y) = y**2 - y - 4. Let b be x(3). Suppose f + c - 32 = 0, -b*c + 3 = v. What are the prime factors of f?
3, 11
Suppose 86*y = 80*y + 1104. List the prime factors of y.
2, 23
Let n be (-232)/10 - 10/(-50). Let z = -76 - -122. Let l = z + n. What are the prime factors of l?
23
Suppose 0 = 6*m - 5*m - 3*y - 824, -2*y = -5*m + 4107. List the prime factors of m.
821
Let p(s) = s - 10. Let n be p(5). Let r(f) = -f**3 - 4*f**2 + f + 3. Let q be r(n). Let l = 38 - q. List the prime factors of l.
3, 5
Let c(m) be the second derivative of 0 + 1/3*m**3 + 13/2*m**2 - 6*m. What are the prime factors of c(10)?
3, 11
Let o(m) = m**2 + 3*m - 3. Suppose 3*a - 3 = -3*i - 18, 0 = 3*i + 2*a + 15. Let q be o(i). Suppose q*t + t = 112. What are the prime factors of t?
2, 7
Suppose 5*o = -3*p + 15, -2*p + 6 = 4*o - 6. Suppose -4*c + 25 = c. Suppose p = 4*a + 4*n - 76, -4*a + c*n = -0*a - 67. List the prime factors of a.
2, 3
Let a(o) = o**2 + 8*o + 9. Let x be a(-7). Let q(r) = -5 + 9*r**2 - 8*r**x - 9 + 7*r. List the prime factors of q(-12).
2, 23
Suppose z = 1, 0 = 4*g - 2*z - 753 - 85. Let a be g/66 - (-4)/(-22). Suppose 1 = o - a. What are the prime factors of o?
2
Let j = 15 + -144. Let r = j - -191. List the prime factors of r.
2, 31
Suppose -15*w + 1461 = -12*w. Suppose -4*q = 2*n - w + 85, 5*n - 5*q - 1065 = 0. List the prime factors of n.
11, 19
Let w(k) = 131*k - 147. What are the prime factors of w(12)?
3, 5, 19
Let i(m) = -968*m**3 - 3*m**2 - 2*m + 3. List the prime factors of i(-1).
2, 5, 97
Suppose 11*c - 6906 - 23113 = 0. What are the prime factors of c?
2729
Suppose 5*q - 200 + 50 = 4*d, q - 3*d - 30 = 0. Suppose -33*a = -q*a - 477. List the prime factors of a.
3, 53
Let x = 1277 - 422. List the prime factors of x.
3, 5, 19
Suppose 27 = 3*c - 9. Suppose -c = a - 4*a. Suppose -a*g + 2*q + 16 = -2*q, -g + 7 = -4*q. List the prime factors of g.
3
Let v(n) = 3*n + 24. Let d be v(-8). List the prime factors of 77/2*(2 + d/6).
7, 11
Suppose -3 = -r + 2*q - 0*q, 0 = 2*q. Suppose 2*w - r = 5*d, -2*w + 0*d + 6 = -4*d. What are the prime factors of 1629/81 + (-1)/w?
2, 5
Let x be 3 - ((-10)/65 - (-2)/13). Suppose -5*n + 25 = 0, -3*l = l - x*n - 345. List the prime factors of l.
2, 3, 5
Let z be ((-16)/(-28))/(4/28). Suppose 5*s - 381 = 2*g, -s = -8*g + z*g - 69. List the prime factors of s.
7, 11
Suppose 2*q = 16 + 48. Suppose w = -x + q + 74, 3*w - 316 = -5*x. What are the prime factors of w?
107
Suppose 0 = -2*q + 18 + 36. Let d(i) = 191*i**2 - 2. Let k be d(2). List the prime factors of k/q + (-8)/36.
2, 7
Suppose -v - 3*m + 21 = 0, 8 = -2*m - 0. Let c be 0 + 2 + (1 - (0 - 0)). Suppose -49 = -c*d + 2*b, v = 5*d + 2*b - 70. List the prime factors of d.
19
Let c be 4*(-3 - (-193)/(-4)). Let p = c + 294. Let n = p - 43. List the prime factors of n.
2, 23
Let g be (-25)/10*2/(-1). Let q be 1 - ((-9)/3 + -1). Suppose -9 = -4*v + q*v + g*d, 5*v = -5*d + 35. List the prime factors of v.
11
Let v be 8/(-6) + (-40)/60. What are the prime factors of 7698/36 + v/(-12)?
2, 107
Suppose -24 = -7*a - 3. Suppose b = -i + 43, a*i + i + 3*b = 175. List the prime factors of i.
2, 23
Let c be ((-4)/6)/(3/(-216)). Suppose 4*j - c + 4 = 0. Let b = j - -37. List the prime factors of b.
2, 3
Let b be (3/(-9))/(2/6)*0. Suppose 4*x = f + 355 - 110, -3*x - 5*f + 178 = b. List the prime factors of x.
61
Let m be 1*(-38)/4*(1 - 33). Let t = m - 199. What are the prime factors of t?
3, 5, 7
Let b(t) = 8 + 3*t + 3*t + 4*t - 9*t. Let n be b(-3). Suppose -n*s = 5, -r - s + 27 = 3*s. List the prime factors of r.
31
Let u = 5082 - 1940. What are the prime factors of u?
2, 1571
Suppose 1 - 25 = -3*p. Let l = -4 + p. Suppose 5*j - 25 = -4*z + 5, 24 = l*j - 2*z. List the prime factors of j.
2, 3
Suppose 0 = -2*g - 5*o + 1157, 0*g - 5*g = -o - 2825. List the prime factors of g.
2, 283
Suppose -5*s = -2*g - 13823, -3*g + 6*g = 4*s - 11064